{"id":51,"date":"2017-08-14T21:22:54","date_gmt":"2017-08-14T19:22:54","guid":{"rendered":"https:\/\/wwc.ml-net.eu\/?page_id=51"},"modified":"2017-08-14T21:22:54","modified_gmt":"2017-08-14T19:22:54","slug":"vereinsgeschichte","status":"publish","type":"page","link":"https:\/\/www.wwc-stuttgart.de\/events\/vereinsgeschichte\/","title":{"rendered":"Vereinsgeschichte"},"content":{"rendered":"<p>Der WWC (W\u00fcrttembergischer Wurftauben Club e. V.) ist ein Sch\u00fctzenverein, in dem seit 1965 das Schie\u00dfen mit der Schrotflinte auf bewegliche Ziele praktiziert wird. Er ist der J\u00e4gervereinigung Stuttgart angegliedert.<\/p>\n<p>&nbsp;<\/p>\n<p>Im Januar 1994 erhielt die im Stuttgarter Mahdental, nahe dem Waldhotel Glemstal gelegene Schie\u00dfanlage 15 moderne pneumatische Wurfmaschinen. Mit dieser Ausr\u00fcstung entspricht die Anlage dem internationalen Standard. Zusammen mit unserer Skeet Anlage geh\u00f6rt der Verein zu den modernsten Deutschlands.<\/p>\n<p>&nbsp;<\/p>\n<p>Bereits mehrmals wurden dort die W\u00fcrttembergischen Landesmeisterschaften im sportlichen Wurfscheibenschie\u00dfen ausgetragen.<\/p>\n<p>&nbsp;<\/p>\n<p>&nbsp;<\/p>\n<p>Ebenso ist diese Anlage in Verbindung mit den angrenzenden Schie\u00dfbahnen f\u00fcr den &#8222;Kugelschu\u00df&#8220; von gr\u00f6\u00dfter Wichtigkeit f\u00fcr die umfassende Schie\u00dfausbildung der Jagdscheinanw\u00e4rter sowie f\u00fcr das jagdliche Schie\u00dfen.<\/p>\n<p>&nbsp;<\/p>\n<p>Gegr\u00fcndet wurde der WWC 1965 von einigen Mitgliedern der J\u00e4gervereinigung Stuttgart um an den nationalen Wettk\u00e4mpfen des Deutschen Sch\u00fctzenbundes teilnehmen zu k\u00f6nnen. Damals setzte sich der Vorstand wie folgt zusammen:<\/p>\n<p>&nbsp;<\/p>\n<ol>\n<li>Vorsitzender Graf von Soden<\/li>\n<li>Vorsitzender Graf von Degenfeld<\/li>\n<\/ol>\n<p>Gesch\u00e4ftsf\u00fchrer Hans Joachim Rapp<\/p>\n<p>&nbsp;<\/p>\n<p>Somit war der Grundstein f\u00fcr eine lang andauernde Erfolgsserie gelegt.<\/p>\n","protected":false},"excerpt":{"rendered":"<p>Der WWC (W\u00fcrttembergischer Wurftauben Club e. V.) ist ein Sch\u00fctzenverein, in dem seit 1965 das Schie\u00dfen mit der Schrotflinte auf bewegliche Ziele praktiziert wird. Er ist der J\u00e4gervereinigung Stuttgart angegliedert. &hellip; <\/p>\n<p class=\"link-more\"><a href=\"https:\/\/www.wwc-stuttgart.de\/events\/vereinsgeschichte\/\" class=\"more-link\"><span class=\"screen-reader-text\">\u201eVereinsgeschichte\u201c <\/span>weiterlesen<\/a><\/p>\n","protected":false},"author":1,"featured_media":0,"parent":0,"menu_order":0,"comment_status":"closed","ping_status":"closed","template":"","meta":{"footnotes":""},"class_list":["post-51","page","type-page","status-publish","hentry"],"_links":{"self":[{"href":"https:\/\/www.wwc-stuttgart.de\/events\/wp-json\/wp\/v2\/pages\/51","targetHints":{"allow":["GET"]}}],"collection":[{"href":"https:\/\/www.wwc-stuttgart.de\/events\/wp-json\/wp\/v2\/pages"}],"about":[{"href":"https:\/\/www.wwc-stuttgart.de\/events\/wp-json\/wp\/v2\/types\/page"}],"author":[{"embeddable":true,"href":"https:\/\/www.wwc-stuttgart.de\/events\/wp-json\/wp\/v2\/users\/1"}],"replies":[{"embeddable":true,"href":"https:\/\/www.wwc-stuttgart.de\/events\/wp-json\/wp\/v2\/comments?post=51"}],"version-history":[{"count":0,"href":"https:\/\/www.wwc-stuttgart.de\/events\/wp-json\/wp\/v2\/pages\/51\/revisions"}],"wp:attachment":[{"href":"https:\/\/www.wwc-stuttgart.de\/events\/wp-json\/wp\/v2\/media?parent=51"}],"curies":[{"name":"wp","href":"https:\/\/api.w.org\/{rel}","templated":true}]}}